{"id":40,"date":"2015-05-24T01:55:27","date_gmt":"2015-05-23T23:55:27","guid":{"rendered":"http:\/\/mosrzroznava.sk\/?page_id=40"},"modified":"2025-12-28T18:26:13","modified_gmt":"2025-12-28T16:26:13","slug":"brigady","status":"publish","type":"page","link":"http:\/\/mosrzroznava.sk\/?page_id=40","title":{"rendered":"Brig\u00e1dy"},"content":{"rendered":"\n<h1 class=\"wp-block-heading\"><strong>\u00a0                  Brig\u00e1dy v roku <\/strong>2026<\/h1>\n\n\n\n<div class=\"wp-block-file\"><a id=\"wp-block-file--media-2835abf5-e69d-4e4b-9ae3-b24a62c312a2\" href=\"http:\/\/mosrzroznava.sk\/wp-content\/uploads\/2022\/04\/Brigadnicky_poriadok-1.pdf\">Brigadnicky_poriadok-1<\/a><a href=\"http:\/\/mosrzroznava.sk\/wp-content\/uploads\/2022\/04\/Brigadnicky_poriadok-1.pdf\" class=\"wp-block-file__button wp-element-button\" download aria-describedby=\"wp-block-file--media-2835abf5-e69d-4e4b-9ae3-b24a62c312a2\">Stiahnu\u0165<\/a><\/div>\n\n\n\n<p>Na konkr\u00e9tnu brig\u00e1du je potrebn\u00e9 sa nahl\u00e1si\u0165 spr\u00e1vcovi dan\u00e9ho rev\u00edru<\/p>\n\n\n\n<p>   16.05.2026\u00a0\u00a0 \u00a0VN Hru\u0161ov \u00a0&#8211; \u010distenie okolia , kosenie<\/p>\n\n\n\n<p>&nbsp; 16.05.2026&nbsp;&nbsp;&nbsp; VN Boh\u00fa\u0148ovo &#8211; \u010distenie okolia , kosenie<\/p>\n\n\n\n<p>&nbsp; 23.05.2026&nbsp;&nbsp;&nbsp; VN Vlachovo- \u010distenie okolia , kosenie<\/p>\n\n\n\n<p>&nbsp; 30.05.2026&nbsp;&nbsp; &nbsp;VN Kru\u017en\u00e1 &#8211; kosenie,&nbsp;\u010distenie a&nbsp;\u00faprava okolia&nbsp; &nbsp;&nbsp;&nbsp;&nbsp;&nbsp;&nbsp;<\/p>\n\n\n\n<p>&nbsp; 13.06.2026&nbsp; &nbsp;&nbsp;VN Hru\u0161ov &#8211; kosenie hr\u00e1dz\u00ed , \u010distenie okolia<\/p>\n\n\n\n<p>&nbsp; 20.06.2026 &nbsp;&nbsp;&nbsp;VN Vlachovo &#8211; \u010distenie okolia, kosenie<\/p>\n\n\n\n<p>&nbsp; 27.06.2026&nbsp;&nbsp; &nbsp;VN Kru\u017en\u00e1 &#8211; kosenie,&nbsp;\u010distenie a&nbsp;\u00faprava okolia&nbsp;&nbsp;<\/p>\n\n\n\n<p>&nbsp; 11.07.2026 &nbsp;&nbsp;&nbsp;VN Hru\u0161ov &#8211; \u010distenie okolia , kosenie<\/p>\n\n\n\n<p>&nbsp; 18.07.2026&nbsp; &nbsp;&nbsp;VN Vlachovo &#8211;<strong> <\/strong>\u010distenie okolia,&nbsp; kosenie hr\u00e1dz\u00ed&nbsp;&nbsp;&nbsp;&nbsp; &nbsp;&nbsp;&nbsp;&nbsp;&nbsp;&nbsp;&nbsp;&nbsp;<\/p>\n\n\n\n<p>&nbsp; 25.07.2026&nbsp;&nbsp;&nbsp; VN Kru\u017en\u00e1 &#8211; kosenie, \u010distenie a&nbsp;\u00faprava okolia&nbsp;&nbsp;&nbsp;&nbsp;&nbsp;&nbsp;<\/p>\n\n\n\n<p>&nbsp; 15.08.2026&nbsp; &nbsp;&nbsp;VN Hru\u0161ov &#8211; \u010distenie okolia,&nbsp; kosenie hr\u00e1dz\u00ed<\/p>\n\n\n\n<p>&nbsp;&nbsp;22.08.2026 &nbsp;&nbsp;&nbsp;VN Kru\u017en\u00e1 &#8211; \u010distenie okolia,&nbsp; kosenie hr\u00e1dz\u00ed<\/p>\n\n\n\n<p>&nbsp; 12.09.2026&nbsp;&nbsp;&nbsp; VN Kru\u017en\u00e1 &#8211;<strong> <\/strong>\u010distenie okolia,&nbsp; kosenie hr\u00e1dz\u00ed<\/p>\n\n\n\n<p>&nbsp; 19.09.2026 &nbsp;&nbsp;&nbsp;VN Vlachovo &#8211;<strong> <\/strong>\u010distenie okolia,&nbsp; kosenie hr\u00e1dz\u00ed<\/p>\n\n\n\n<p>&nbsp; 19.09.2026 &nbsp;&nbsp;&nbsp;VN Hru\u0161ov &#8211; \u010distenie okolia , kosenie<\/p>\n\n\n\n<p>&nbsp; 07.11.2026&nbsp;&nbsp;&nbsp;&nbsp; Slan\u00e1 \u2013 Ple\u0161ivec \u2013 \u010distenie toku<\/p>\n\n\n\n<p><strong>&nbsp; <\/strong><strong>Zraz \u00fa\u010dastn\u00edkov na v\u0161etky brig\u00e1dy&nbsp; je v mieste konania brig\u00e1dy, v\u017edy do&nbsp;08<sup>oo<\/sup> hod. N\u00e1radie na brig\u00e1dy si&nbsp; doneste zo sebou pod\u013ea druhu pr\u00e1c! <\/strong><\/p>\n\n\n\n<p><strong>&nbsp;&nbsp;&nbsp;&nbsp;&nbsp;&nbsp;&nbsp;&nbsp;&nbsp; <\/strong><strong><u>Pozv\u00e1nky na brig\u00e1dy u\u017e nebud\u00fa&nbsp;&nbsp; zasielan\u00e9 po\u0161tou!&nbsp;&nbsp;&nbsp;&nbsp;&nbsp;&nbsp;&nbsp;&nbsp; <\/u><\/strong><\/p>\n","protected":false},"excerpt":{"rendered":"<p>\u00a0 Brig\u00e1dy v roku 2026 Na konkr\u00e9tnu brig\u00e1du je potrebn\u00e9 sa nahl\u00e1si\u0165 spr\u00e1vcovi dan\u00e9ho rev\u00edru 16.05.2026\u00a0\u00a0 \u00a0VN Hru\u0161ov \u00a0&#8211; \u010distenie okolia , kosenie &nbsp; 16.05.2026&nbsp;&nbsp;&nbsp; VN Boh\u00fa\u0148ovo &#8211; \u010distenie okolia , kosenie &nbsp; 23.05.2026&nbsp;&nbsp;&nbsp; VN Vlachovo- \u010distenie okolia , kosenie &nbsp; 30.05.2026&nbsp;&nbsp; &nbsp;VN Kru\u017en\u00e1 &#8211; kosenie,&nbsp;\u010distenie a&nbsp;\u00faprava okolia&nbsp; &nbsp;&nbsp;&nbsp;&nbsp;&nbsp;&nbsp; &nbsp; 13.06.2026&nbsp; &nbsp;&nbsp;VN Hru\u0161ov &#8211; kosenie &hellip; <a href=\"http:\/\/mosrzroznava.sk\/?page_id=40\" class=\"more-link\">Pokra\u010dova\u0165 na <span class=\"screen-reader-text\">Brig\u00e1dy<\/span> <span class=\"meta-nav\">&rarr;<\/span><\/a><\/p>\n","protected":false},"author":1,"featured_media":0,"parent":0,"menu_order":0,"comment_status":"open","ping_status":"open","template":"","meta":[],"_links":{"self":[{"href":"http:\/\/mosrzroznava.sk\/index.php?rest_route=\/wp\/v2\/pages\/40"}],"collection":[{"href":"http:\/\/mosrzroznava.sk\/index.php?rest_route=\/wp\/v2\/pages"}],"about":[{"href":"http:\/\/mosrzroznava.sk\/index.php?rest_route=\/wp\/v2\/types\/page"}],"author":[{"embeddable":true,"href":"http:\/\/mosrzroznava.sk\/index.php?rest_route=\/wp\/v2\/users\/1"}],"replies":[{"embeddable":true,"href":"http:\/\/mosrzroznava.sk\/index.php?rest_route=%2Fwp%2Fv2%2Fcomments&post=40"}],"version-history":[{"count":29,"href":"http:\/\/mosrzroznava.sk\/index.php?rest_route=\/wp\/v2\/pages\/40\/revisions"}],"predecessor-version":[{"id":1172,"href":"http:\/\/mosrzroznava.sk\/index.php?rest_route=\/wp\/v2\/pages\/40\/revisions\/1172"}],"wp:attachment":[{"href":"http:\/\/mosrzroznava.sk\/index.php?rest_route=%2Fwp%2Fv2%2Fmedia&parent=40"}],"curies":[{"name":"wp","href":"https:\/\/api.w.org\/{rel}","templated":true}]}}